irst derivative of 14 - 1/6*b**3 - 1/2*b**2 - 22*b. Let p(m) be the first derivative of r(m). Calculate p(-1).
0
Suppose 4*j + 85 = -n, -151 = -4*j + 3*n - 248. Let i(k) = -k**2 - 22*k - 45. What is i(j)?
-45
Let f = 1 - -3. Let a(m) = -12*m**3 - 6*m**2 - m - 8. Let t(g) = -31*g**3 - 15*g**2 - 2*g - 21. Let l(k) = -18*a(k) + 7*t(k). What is l(f)?
-3
Suppose 2*c + c = -12. Let f(t) be the first derivative of t**4/4 + 2*t**3/3 - 5*t**2/2 + 2*t + 1133. Calculate f(c).
-10
Let h(z) = z. Let q be (6 - (-224)/(-35)) + (-54)/(-10). Suppose -b - q*j + 19 = 0, -5*b + 2*j + 68 = -0*j. Suppose -b*d = -15*d - 4. Determine h(d).
-4
Let o(p) = 7*p**2 + p - 19. Let s(v) = -15*v**2 - 3*v + 39. Let r(t) = 13*o(t) + 6*s(t). Give r(6).
-7
Let l = -116 + 155. Suppose f = -12*f - l. Let d(j) = 2*j**2 + 2*j - 2. What is d(f)?
10
Suppose -3*l + 45*h + 18 = 42*h, 18 = 5*l - h. Let b be 10/120*63*(-8)/l. Let q(c) = 2*c**2 + 28*c - 1. Determine q(b).
-1
Let k(r) = -4*r - 162. Let a be k(-41). Suppose 3*s - 6 = s - 2*n, -12 = a*s - 4*n. Let z(f) be the first derivative of f**4/4 + f**3/3 + 9*f + 1. What is z(s)?
9
Let d = 5045 - 5054. Let u(k) = -k**3 - 10*k**2 - 11*k - 17. What is u(d)?
1
Let s(a) = -176*a - 185*a + 356*a - 9. Determine s(-3).
6
Let b(s) = 11*s**2 - 5*s + 20. Let u(n) = 12 - 2 + n - 4*n + 5*n**2. Let d be (-210)/54 + (-11)/99. Let a(z) = d*b(z) + 9*u(z). Calculate a(7).
10
Let r(h) = -10*h**3 + h**2 + 8*h - 55. Let l(a) = -a**3 + a**2 + a - 5. Let u(k) = -9*l(k) + r(k). Suppose -1 = -o - 0. Let q be -4*(0 - o)*-2. Calculate u(q).
-2
Let l(m) = -2*m - 3. Suppose 2*g + 19 = -11. Let p be g/1*22/55. Determine l(p).
9
Suppose -2*h + 90 = 2*l, -61 - 39 = -4*h + 6*l. Let o(p) = 2*p**2 - 75*p + 42. What is o(h)?
5
Suppose 17*v - 3252 = 5163. Let g = v - 485. Let b(q) = -q**3 + 10*q**2 - 6. Calculate b(g).
-6
Let o be 5 - (6 + -1883 + -4). Let h(u) = 3*u**2 - 6*u - 6*u**2 - o + 1888 + 2*u**2. What is h(-7)?
-5
Let a(t) = -3*t**2 - 48*t - 32. Suppose -9*h - 2*c = -11*h - 34, -3*h + 4*c - 53 = 0. What is a(h)?
13
Let k(n) = n**2 - 5*n - 1. Suppose 0 = 9*r - 4*r. Suppose 42 = 5*c - 28. Suppose r*b + 3*b - m = c, -5*b = 2*m - 38. Give k(b).
5
Suppose -5 = 5*x + 3*b - 20, -20 = -4*x - 4*b. Suppose 0 = 5*d - x*d + 5. Let r(f) = -7*f - 2. Let m be r(d). Let z(y) = -y**3 + 4*y**2 + 7*y - 7. Give z(m).
3
Let r(g) = 8*g**2 - 153*g - 3. Let y(n) = -9*n**2 + 176*n + 3. Let v(u) = -8*r(u) - 7*y(u). Suppose 2*l - d = 7*l + 39, 17 = -3*l + d. Give v(l).
10
Let j(g) = -10*g**2 + 10*g. Let i(l) = 17*l**2 - 19*l + 2. Let v(t) = 3*i(t) + 5*j(t). Suppose 5*k - 20 = 10. Determine v(k).
0
Let w(o) = -o**2 + 2. Suppose 0 = p + 13 - 16. Suppose -p*g + 13*g = 30. Suppose m - 2*m = -g. Give w(m).
-7
Let d(b) = 8*b - 21. Let x be (-6)/(-21)*(-945)/(-45). Give d(x).
27
Let n(c) = 14*c + 5 - 10*c**2 - 28*c + 11*c**2 + 5*c. Let z = -2 - -10. What is n(z)?
-3
Let g(d) = -40*d**3 + 21*d**2 + 12*d - 64. Let t(w) = 18*w**3 - 10*w**2 - 6*w + 29. Let m(h) = -4*g(h) - 9*t(h). What is m(3)?
13
Let q(p) be the first derivative of -7*p**3/3 - 21*p**2 - 27*p - 2606. Calculate q(-5).
8
Let x(k) = 5*k + 6. Suppose -67*c = -19*c + 96. What is x(c)?
-4
Let x(z) be the third derivative of 28 - 1/60*z**5 + z**2 + 0*z + 5/12*z**4 + 13/6*z**3. Give x(10).
13
Suppose -14*u = -15*u. Let y(h) be the second derivative of h**3/6 + 6*h**2 - 385*h. Determine y(u).
12
Let h(n) be the first derivative of -n**2 + 3*n - 1/4*n**4 + 7/3*n**3 - 59. What is h(7)?
-11
Let a(t) = t**3 - t**2 + t - 10. Let n(q) = q**3 + 7*q**2 + 9*q + 7. Let s be n(-5). Suppose -w - 7*w = -s*w. Determine a(w).
-10
Let k(w) = w**3. Let r(t) = 3*t**2 + 14*t. Let i be r(-5). Suppose i*v + 13*v = 0. Determine k(v).
0
Let g(p) = p**2 + 6*p - 2. Let y = 2178 + -2167. Let k = 8 + -22. Let n = y + k. Determine g(n).
-11
Let r(y) be the third derivative of 12*y**2 - 19/6*y**3 + 1/6*y**4 + 0 + 1/60*y**5 + 0*y. Let k be r(-7). Let q(d) = 3*d**2 + 2*d + 1. Determine q(k).
17
Let c(r) = 206*r - 2056. Let v be c(10). Let f(d) be the second derivative of d**5/20 - d**4/4 - 2*d**3/3 + 2*d**2 + 12*d. Determine f(v).
4
Suppose -20*r - 2*n + 14 = -22*r, 5*n - 3 = -3*r. Let j(v) = -15*v**2 + 3*v**2 - 6*v + 10*v**2. Determine j(r).
-8
Let v(i) = 8*i - 2. Let o(c) = 41*c + 11. Let k(p) = -o(p) + 5*v(p). Calculate k(7).
-28
Let d be (-8 + 8/2)/((-1)/8). Let y = -26 + d. Let t(f) = -8*f - y*f + 15*f + 1. What is t(-4)?
-3
Suppose 2*r - h - 648 = 7*r, -3*h = 5*r + 644. Let w = r + 143. Let c(g) = -g**2 + 12*g + 12. What is c(w)?
-1
Let b(t) = 4*t**3 + 9*t**2 - 2*t + 10. Let s(i) be the first derivative of -i**4/4 + i**2/2 - i + 34. Let j(y) = b(y) + 3*s(y). What is j(-9)?
-2
Let k be (20/7)/((-6)/(-14))*948/(-790). Let o(a) = 3*a**2 + 23*a - 5. Determine o(k).
3
Let f(s) = -s**2 - 1. Suppose 5*y + 12 = 2. Let t(p) be the second derivative of p**4/4 - p**3/6 + p**2/2 - 37*p. Let a(l) = y*t(l) - 5*f(l). What is a(5)?
-12
Suppose -13*s - 20 = -228. Suppose -5*k - 3*p + s = 0, 5*p - 9 - 1 = 0. Let t(y) = -6*y**2 + 7*y - k*y + 1 + 5*y**2. What is t(4)?
5
Let y(i) = 7*i**3 - 2*i**2 + 2*i - 1. Let c be 53/(-5) - (108/(-20))/9. Let p be -4*1/c + 48/80. Give y(p).
6
Let b(v) be the second derivative of -4*v**3/3 - 21*v**2 + 800*v. Determine b(-6).
6
Let w(v) = -3*v - 26. Let j(f) = f**3 - 19*f**2 - 2*f + 30. Let a be j(19). Calculate w(a).
-2
Let r(q) = q**3 + 2*q**2 - 7*q. Suppose -223*m - 648 = -7*m. Determine r(m).
12
Let b = -727 - -729. Let w(s) = -b - 10 + 2 - 5*s - s**2 - 4*s. Give w(-5).
10
Suppose 1379*c - 20 - 14 = 369*c - 34. Let g(p) = -5 + p - p**2 + 14 - 2*p. What is g(c)?
9
Suppose 5 = p - b, -31*p = -33*p + 4*b + 18. Let o(i) = -26*i**3 - 2*i + 1. Calculate o(p).
-27
Let j(o) be the third derivative of o**7/840 - o**6/60 + o**5/15 - 103*o**3/6 + 134*o**2. Let r(y) be the first derivative of j(y). Determine r(4).
0
Let w(d) be the first derivative of d**2 + 31*d + 861. Calculate w(-9).
13
Suppose 6*p + 24 = 7*p - 5*s, 4*s - 20 = 0. Let k(b) = -57*b - 51*b - p*b - 7 + 164*b. What is k(2)?
7
Let l(j) = 8*j**3 - 15*j**2 + 7*j + 11. Let s(a) = 5*a**3 - 8*a**2 + 3*a + 6. Let g(t) = 3*l(t) - 5*s(t). Let y = -7 - -1. What is g(y)?
3
Let m be (-20)/(-35) - (-358)/(-14). Let h = 28 + m. Let k(j) be the first derivative of 2*j**2 - 4*j - 17. Give k(h).
8
Let y(f) = -f**2 + f. Let v(t) = -7*t**2 + 9*t. Let u(c) = v(c) - 6*y(c). Suppose 7 = 3*n + 7. Suppose -5*j + q + 17 = n, 4*q + 0 = 2*j + 4. Calculate u(j).
-4
Let l(f) be the third derivative of -f**8/6720 + f**7/504 + f**6/180 + 3*f**5/40 - 7*f**4/24 - 120*f**2. Let y(d) be the second derivative of l(d). Give y(6).
-3
Suppose 0 = 5*o - 5*q - 30, 2*q + 6 = 4. Let y(t) = 8 - 2 - t + 10*t - o. Determine y(-1).
-8
Let j = 332 - 823. Let g = j + 495. Let z(b) = b**3 - 5*b**2 + 5*b + 2. What is z(g)?
6
Let n = 839 - 844. Let y(s) = -2*s**2 + s**3 + 2*s**2 + 10 - 4*s + 4*s**2. Let m be y(n). Let i(v) = -v**3 + 5*v**2 - 4*v + 4. Determine i(m).
-16
Suppose -5*c + 5*a = -10, 2*c - 20 = -c - 4*a. Suppose -3*m = -4*m + 7. Let d(r) = 5*r**2 - 3 + 3*r - 3*r**2 - m*r. Give d(c).
13
Suppose -3*w + 14 + 23 = k, -4*w - 3*k + 56 = 0. Let o(z) = 2 + 10 + 5*z - w. Let y be (-48)/30 + 4/(-10). Determine o(y).
-9
Suppose 5*z - 2*j = 74 + 48, -5*j - 32 = -2*z. Let t be 51 - 8/(96/(-156)). Let v(n) = z - t + n + 34. Determine v(3).
-1
Suppose -1768 = 177*t + 721 + 874. Let k(c) = -2*c**2 - 37*c + 25. Give k(t).
6
Let u(g) = -g + 27. Let i(d) be the third derivative of d**4/8 - 37*d**3/3 - 2*d**2 - 43. Let y(p) = 4*i(p) + 11*u(p). Calculate y(-4).
-3
Let j(x) = 3*x**2 - x - 3. Suppose 6*h + 2*h = -16*h. Suppose 341*m - 351*m + 30 = h. Give j(m).
21
Let n(d) = -503 + 175 - 2*d + d**3 + 165 + 165 + 3*d**2. Suppose -6*r = -3*r + 9. Determine n(r).
8
Let d(g) be the first derivative of 37*g**2 + 228*g + 2610. Calculate d(-3).
6
Let s be -2*(1/(-2) - 1). Suppose 2680 + 617 = 3*g - s*t, -5*t + 25 = 0. Let l(v) = g*v**2 - 1105*v**2 + 15*v**3 + 0 + 1. What is l(-1)?
-15
Let x(h) be the second derivative of -5*h**3/2 + 64*h**2 - 297*h - 2. Determine x(9).
-7
Let a(i) be the third derivative of 3*i**4/8 + 71*i**3/3 + 283*i**2 - 3. Determine a(-16).
-2
Let y(t) be the third derivative of t**6/180 + t**5/20 - 37*t**3/6 - 3*t**2 - 9*t. Let q(z) be the